{"id":781,"date":"2017-02-09T08:45:13","date_gmt":"2017-02-09T08:45:13","guid":{"rendered":"http:\/\/dummy.xtemos.com\/basel\/vers\/?page_id=781"},"modified":"2017-02-09T08:45:13","modified_gmt":"2017-02-09T08:45:13","slug":"nuestra-empresa","status":"publish","type":"page","link":"https:\/\/funerariatenerife.com\/en\/nuestra-empresa","title":{"rendered":"Nuestra Empresa"},"content":{"rendered":"<div class=\"wpb-content-wrapper\"><p>[vc_row full_width=&#8221;stretch_row&#8221; css=&#8221;.vc_custom_1494855966755{padding-top: 100px !important;padding-bottom: 100px !important;background-image: url(https:\/\/funerariatenerife.com\/wp-content\/uploads\/2017\/05\/header.jpg?id=1857) !important;background-position: center !important;background-repeat: no-repeat !important;background-size: cover !important;}&#8221;][vc_column][vc_custom_heading text=&#8221;<strong>NUESTRA EMPRESA<\/strong>&#8221; font_container=&#8221;tag:h1|font_size:56|text_align:center|color:%23ffffff|line_height:1.4&#8243; use_theme_fonts=&#8221;yes&#8221; css=&#8221;.vc_custom_1494518874771{margin-bottom: 5px !important;}&#8221;][vc_column_text basel_color_scheme=&#8221;light&#8221;]<\/p>\n<h2 class=\"font-title\" style=\"font-size: 36px; font-style: italic; text-align: center;\"><span style=\"color: #ffffff;\">Formada por profesionales del sector con a\u00f1os de experiencia y dedicaci\u00f3n al servicio del cliente.<\/span><\/h2>\n<p>[\/vc_column_text][\/vc_column][\/vc_row][vc_row css=&#8221;.vc_custom_1451575485367{margin-bottom: 65px !important;}&#8221;][vc_column css=&#8221;.vc_custom_1451389567526{padding-right: 40px !important;}&#8221;][vc_empty_space][vc_row_inner][vc_column_inner width=&#8221;1\/2&#8243;][vc_column_text css=&#8221;.vc_custom_1494752200736{margin-bottom: 30px !important;}&#8221;]<\/p>\n<h2 style=\"margin-bottom: 15px;\"><span style=\"color: #112f0c;\"><strong>VOCACI\u00d3N DE SERVICIO<\/strong><\/span><\/h2>\n<h3 style=\"font-size: 20px; text-align: justify;\">Poseemos un equipo con a\u00f1os de experiencia dentro del sector funerario, unido al Grupo El Card\u00f3n, una empresa con una solida trayectoria en el sector servicios y l\u00edder en su propio sector en Canarias. Estamos a su disposici\u00f3n las 24 horas los 365 d\u00edas al a\u00f1o. Gestionamos todas las prestaciones funerarias y la total tramitaci\u00f3n y atenci\u00f3n posterior a ellas.<\/h3>\n<p>[\/vc_column_text][\/vc_column_inner][vc_column_inner width=&#8221;1\/2&#8243;][vc_column_text css=&#8221;.vc_custom_1494752213890{margin-bottom: 30px !important;}&#8221;]<\/p>\n<h2 style=\"margin-bottom: 15px;\"><span style=\"color: #112f0c;\"><strong>CALIDEZ Y CERCAN\u00cdA<\/strong><\/span><\/h2>\n<h3 style=\"font-size: 20px; text-align: justify;\">Nos sentimos comprometidos de forma eficaz a brindar un servicio con sensibilidad humana que le ayudar\u00e1 a honrar a su ser querido, como se merece, de una manera digna, respetando sus creencias y tradiciones familiares. Adaptamos nuestros servicios respetando todas las religiones y costumbres.<\/h3>\n<p>[\/vc_column_text][\/vc_column_inner][\/vc_row_inner][vc_row_inner][vc_column_inner width=&#8221;1\/2&#8243;][vc_column_text css=&#8221;.vc_custom_1494752226414{margin-bottom: 30px !important;}&#8221;]<\/p>\n<h2 style=\"margin-bottom: 15px;\"><span style=\"color: #112f0c;\"><strong>INFORMACI\u00d3N<\/strong><\/span><\/h2>\n<h3 style=\"font-size: 20px; text-align: justify;\">Nuestros servicios funerarios\u00a0 abarcan toda la isla de Gran Canaria. Poseemos oficina de contrataci\u00f3n, almacenes de log\u00edstica y servicio de atenci\u00f3n comercial especializada as\u00ed como nuestro departamento de atenci\u00f3n al cliente, desplaz\u00e1ndonos donde sea necesario\u00a0 de inmediato para brindar un servicio de forma cercana y con las mayores garant\u00edas.<\/h3>\n<p>[\/vc_column_text][\/vc_column_inner][vc_column_inner width=&#8221;1\/2&#8243;][vc_column_text css=&#8221;.vc_custom_1494752237691{margin-bottom: 30px !important;}&#8221;]<\/p>\n<h2 style=\"margin-bottom: 15px;\"><span style=\"color: #112f0c;\"><strong>RED DE NEGOCIO<\/strong><\/span><\/h2>\n<h3 style=\"font-size: 20px; text-align: justify;\">Actualmente estamos estableciendo una red de negocio con colaboradores\u00a0 por todo el mundo, de forma que damos cobertura de repatriaci\u00f3n tanto nacional como internacional.<\/h3>\n<p>[\/vc_column_text][\/vc_column_inner][\/vc_row_inner][\/vc_column][\/vc_row][vc_row full_width=&#8221;stretch_row&#8221; background_position=&#8221;center center&#8221; css=&#8221;.vc_custom_1494856038214{padding-top: 50px !important;padding-bottom: 0px !important;background: #232323 url(https:\/\/funerariatenerife.com\/wp-content\/uploads\/2017\/05\/divider_bg.jpg?id=1849) !important;background-position: center !important;background-repeat: no-repeat !important;background-size: cover !important;}&#8221;][vc_column basel_color_scheme=&#8221;light&#8221;][vc_row_inner css=&#8221;.vc_custom_1450023659115{margin-bottom: 60px !important;}&#8221;][vc_column_inner][vc_custom_heading text=&#8221;<strong>\u00bfNecesita ayuda?<br \/>\n+34 922 671 395 &#8211; +34 822 200 170<\/strong>&#8221; font_container=&#8221;tag:h2|font_size:42|text_align:center|color:%23ffffff|line_height:1.4&#8243; use_theme_fonts=&#8221;yes&#8221; css=&#8221;.vc_custom_1493828605112{margin-bottom: 20px !important;}&#8221;][\/vc_column_inner][\/vc_row_inner][\/vc_column][\/vc_row]<\/p>\n<\/div>","protected":false},"excerpt":{"rendered":"<p>[vc_row full_width=&#8221;stretch_row&#8221; css=&#8221;.vc_custom_1494855966755{padding-top: 100px !important;padding-bottom: 100px !important;background-image: url(https:\/\/funerariatenerife.com\/wp-content\/uploads\/2017\/05\/header.jpg?id=1857) !important;background-position: center !important;background-repeat: no-repeat !important;background-size: cover !important;}&#8221;][vc_column][vc_custom_heading text=&#8221;NUESTRA EMPRESA&#8221; font_container=&#8221;tag:h1|font_size:56|text_align:center|color:%23ffffff|line_height:1.4&#8243; use_theme_fonts=&#8221;yes&#8221; css=&#8221;.vc_custom_1494518874771{margin-bottom: 5px !important;}&#8221;][vc_column_text basel_color_scheme=&#8221;light&#8221;] Formada por profesionales del sector con a\u00f1os de experiencia y dedicaci\u00f3n al servicio del cliente. [\/vc_column_text][\/vc_column][\/vc_row][vc_row css=&#8221;.vc_custom_1451575485367{margin-bottom: 65px !important;}&#8221;][vc_column css=&#8221;.vc_custom_1451389567526{padding-right: 40px !important;}&#8221;][vc_empty_space][vc_row_inner][vc_column_inner width=&#8221;1\/2&#8243;][vc_column_text css=&#8221;.vc_custom_1494752200736{margin-bottom: 30px !important;}&#8221;] VOCACI\u00d3N DE SERVICIO Poseemos un equipo [&hellip;]<\/p>\n","protected":false},"author":1,"featured_media":0,"parent":0,"menu_order":0,"comment_status":"closed","ping_status":"closed","template":"","meta":{"footnotes":""},"class_list":["post-781","page","type-page","status-publish","hentry"],"_links":{"self":[{"href":"https:\/\/funerariatenerife.com\/en\/wp-json\/wp\/v2\/pages\/781","targetHints":{"allow":["GET"]}}],"collection":[{"href":"https:\/\/funerariatenerife.com\/en\/wp-json\/wp\/v2\/pages"}],"about":[{"href":"https:\/\/funerariatenerife.com\/en\/wp-json\/wp\/v2\/types\/page"}],"author":[{"embeddable":true,"href":"https:\/\/funerariatenerife.com\/en\/wp-json\/wp\/v2\/users\/1"}],"replies":[{"embeddable":true,"href":"https:\/\/funerariatenerife.com\/en\/wp-json\/wp\/v2\/comments?post=781"}],"version-history":[{"count":0,"href":"https:\/\/funerariatenerife.com\/en\/wp-json\/wp\/v2\/pages\/781\/revisions"}],"wp:attachment":[{"href":"https:\/\/funerariatenerife.com\/en\/wp-json\/wp\/v2\/media?parent=781"}],"curies":[{"name":"wp","href":"https:\/\/api.w.org\/{rel}","templated":true}]}}

<div class="wpb-content-wrapper"><p>[vc_row full_width=&#8221;stretch_row&#8221; css=&#8221;.vc_custom_1494855966755{padding-top: 100px !important;padding-bottom: 100px !important;background-image: url(https://funerariatenerife.com/wp-content/uploads/2017/05/header.jpg?id=1857) !important;background-position: center !important;background-repeat: no-repeat !important;background-size: cover !important;}&#8221;][vc_column][vc_custom_heading text=&#8221;<strong>NUESTRA EMPRESA</strong>&#8221; font_container=&#8221;tag:h1|font_size:56|text_align:center|color:%23ffffff|line_height:1.4&#8243; use_theme_fonts=&#8221;yes&#8221; css=&#8221;.vc_custom_1494518874771{margin-bottom: 5px !important;}&#8221;][vc_column_text basel_color_scheme=&#8221;light&#8221;]</p>
<h2 class="font-title" style="font-size: 36px; font-style: italic; text-align: center;"><span style="color: #ffffff;">Formada por profesionales del sector con años de experiencia y dedicación al servicio del cliente.</span></h2>
<p>[/vc_column_text][/vc_column][/vc_row][vc_row css=&#8221;.vc_custom_1451575485367{margin-bottom: 65px !important;}&#8221;][vc_column css=&#8221;.vc_custom_1451389567526{padding-right: 40px !important;}&#8221;][vc_empty_space][vc_row_inner][vc_column_inner width=&#8221;1/2&#8243;][vc_column_text css=&#8221;.vc_custom_1494752200736{margin-bottom: 30px !important;}&#8221;]</p>
<h2 style="margin-bottom: 15px;"><span style="color: #112f0c;"><strong>VOCACIÓN DE SERVICIO</strong></span></h2>
<h3 style="font-size: 20px; text-align: justify;">Poseemos un equipo con años de experiencia dentro del sector funerario, unido al Grupo El Cardón, una empresa con una solida trayectoria en el sector servicios y líder en su propio sector en Canarias. Estamos a su disposición las 24 horas los 365 días al año. Gestionamos todas las prestaciones funerarias y la total tramitación y atención posterior a ellas.</h3>
<p>[/vc_column_text][/vc_column_inner][vc_column_inner width=&#8221;1/2&#8243;][vc_column_text css=&#8221;.vc_custom_1494752213890{margin-bottom: 30px !important;}&#8221;]</p>
<h2 style="margin-bottom: 15px;"><span style="color: #112f0c;"><strong>CALIDEZ Y CERCANÍA</strong></span></h2>
<h3 style="font-size: 20px; text-align: justify;">Nos sentimos comprometidos de forma eficaz a brindar un servicio con sensibilidad humana que le ayudará a honrar a su ser querido, como se merece, de una manera digna, respetando sus creencias y tradiciones familiares. Adaptamos nuestros servicios respetando todas las religiones y costumbres.</h3>
<p>[/vc_column_text][/vc_column_inner][/vc_row_inner][vc_row_inner][vc_column_inner width=&#8221;1/2&#8243;][vc_column_text css=&#8221;.vc_custom_1494752226414{margin-bottom: 30px !important;}&#8221;]</p>
<h2 style="margin-bottom: 15px;"><span style="color: #112f0c;"><strong>INFORMACIÓN</strong></span></h2>
<h3 style="font-size: 20px; text-align: justify;">Nuestros servicios funerarios  abarcan toda la isla de Gran Canaria. Poseemos oficina de contratación, almacenes de logística y servicio de atención comercial especializada así como nuestro departamento de atención al cliente, desplazándonos donde sea necesario  de inmediato para brindar un servicio de forma cercana y con las mayores garantías.</h3>
<p>[/vc_column_text][/vc_column_inner][vc_column_inner width=&#8221;1/2&#8243;][vc_column_text css=&#8221;.vc_custom_1494752237691{margin-bottom: 30px !important;}&#8221;]</p>
<h2 style="margin-bottom: 15px;"><span style="color: #112f0c;"><strong>RED DE NEGOCIO</strong></span></h2>
<h3 style="font-size: 20px; text-align: justify;">Actualmente estamos estableciendo una red de negocio con colaboradores  por todo el mundo, de forma que damos cobertura de repatriación tanto nacional como internacional.</h3>
<p>[/vc_column_text][/vc_column_inner][/vc_row_inner][/vc_column][/vc_row][vc_row full_width=&#8221;stretch_row&#8221; background_position=&#8221;center center&#8221; css=&#8221;.vc_custom_1494856038214{padding-top: 50px !important;padding-bottom: 0px !important;background: #232323 url(https://funerariatenerife.com/wp-content/uploads/2017/05/divider_bg.jpg?id=1849) !important;background-position: center !important;background-repeat: no-repeat !important;background-size: cover !important;}&#8221;][vc_column basel_color_scheme=&#8221;light&#8221;][vc_row_inner css=&#8221;.vc_custom_1450023659115{margin-bottom: 60px !important;}&#8221;][vc_column_inner][vc_custom_heading text=&#8221;<strong>¿Necesita ayuda?<br />
+34 922 671 395 &#8211; +34 822 200 170</strong>&#8221; font_container=&#8221;tag:h2|font_size:42|text_align:center|color:%23ffffff|line_height:1.4&#8243; use_theme_fonts=&#8221;yes&#8221; css=&#8221;.vc_custom_1493828605112{margin-bottom: 20px !important;}&#8221;][/vc_column_inner][/vc_row_inner][/vc_column][/vc_row]</p>
</div>

<p>[vc_row full_width=&#8221;stretch_row&#8221; css=&#8221;.vc_custom_1494855966755{padding-top: 100px !important;padding-bottom: 100px !important;background-image: url(https://funerariatenerife.com/wp-content/uploads/2017/05/header.jpg?id=1857) !important;background-position: center !important;background-repeat: no-repeat !important;background-size: cover !important;}&#8221;][vc_column][vc_custom_heading text=&#8221;NUESTRA EMPRESA&#8221; font_container=&#8221;tag:h1|font_size:56|text_align:center|color:%23ffffff|line_height:1.4&#8243; use_theme_fonts=&#8221;yes&#8221; css=&#8221;.vc_custom_1494518874771{margin-bottom: 5px !important;}&#8221;][vc_column_text basel_color_scheme=&#8221;light&#8221;] Formada por profesionales del sector con años de experiencia y dedicación al servicio del cliente. [/vc_column_text][/vc_column][/vc_row][vc_row css=&#8221;.vc_custom_1451575485367{margin-bottom: 65px !important;}&#8221;][vc_column css=&#8221;.vc_custom_1451389567526{padding-right: 40px !important;}&#8221;][vc_empty_space][vc_row_inner][vc_column_inner width=&#8221;1/2&#8243;][vc_column_text css=&#8221;.vc_custom_1494752200736{margin-bottom: 30px !important;}&#8221;] VOCACIÓN DE SERVICIO Poseemos un equipo [&hellip;]</p>
