{"id":1988,"date":"2017-05-23T10:46:57","date_gmt":"2017-05-23T10:46:57","guid":{"rendered":"https:\/\/funerariatenerife.com\/?page_id=1988"},"modified":"2017-05-23T10:46:57","modified_gmt":"2017-05-23T10:46:57","slug":"condiciones-de-venta","status":"publish","type":"page","link":"https:\/\/funerariatenerife.com\/en\/condiciones-de-venta","title":{"rendered":"Condiciones de venta"},"content":{"rendered":"<h2>Entrega y env\u00edo<\/h2>\n<p>Los pedidos deben ser realizados como m\u00ednimo 2 horas antes de la entrega requerida. Para pedidos urgentes contactar en +34 922 671 395 \/ +34 822 200 170. Cada producto queda sujeto a disponibilidad. Puede cambiar el color incluso el tipo de flor pero ser\u00e1 sustituido por otro de igual categor\u00eda. No se aceptan devoluciones.<br \/>\nLos gastos de env\u00edo incluyen el embalaje, la manipulaci\u00f3n y env\u00edo. Le recomendamos consolidar sus compras en un solo pedido.<\/p>\n<p><strong>El horario de env\u00edo de los pedidos se realizar\u00e1n entre las 8:00h &#8211; 1:00h.<\/strong><\/p>\n","protected":false},"excerpt":{"rendered":"<p>Entrega y env\u00edo Los pedidos deben ser realizados como m\u00ednimo 2 horas antes de la entrega requerida. Para pedidos urgentes contactar en +34 922 671 395 \/ +34 822 200 170. Cada producto queda sujeto a disponibilidad. Puede cambiar el color incluso el tipo de flor pero ser\u00e1 sustituido por otro de igual categor\u00eda. No [&hellip;]<\/p>\n","protected":false},"author":1,"featured_media":0,"parent":0,"menu_order":0,"comment_status":"closed","ping_status":"closed","template":"","meta":{"footnotes":""},"class_list":["post-1988","page","type-page","status-publish","hentry"],"_links":{"self":[{"href":"https:\/\/funerariatenerife.com\/en\/wp-json\/wp\/v2\/pages\/1988","targetHints":{"allow":["GET"]}}],"collection":[{"href":"https:\/\/funerariatenerife.com\/en\/wp-json\/wp\/v2\/pages"}],"about":[{"href":"https:\/\/funerariatenerife.com\/en\/wp-json\/wp\/v2\/types\/page"}],"author":[{"embeddable":true,"href":"https:\/\/funerariatenerife.com\/en\/wp-json\/wp\/v2\/users\/1"}],"replies":[{"embeddable":true,"href":"https:\/\/funerariatenerife.com\/en\/wp-json\/wp\/v2\/comments?post=1988"}],"version-history":[{"count":0,"href":"https:\/\/funerariatenerife.com\/en\/wp-json\/wp\/v2\/pages\/1988\/revisions"}],"wp:attachment":[{"href":"https:\/\/funerariatenerife.com\/en\/wp-json\/wp\/v2\/media?parent=1988"}],"curies":[{"name":"wp","href":"https:\/\/api.w.org\/{rel}","templated":true}]}}

<h2>Entrega y envío</h2>
<p>Los pedidos deben ser realizados como mínimo 2 horas antes de la entrega requerida. Para pedidos urgentes contactar en +34 922 671 395 / +34 822 200 170. Cada producto queda sujeto a disponibilidad. Puede cambiar el color incluso el tipo de flor pero será sustituido por otro de igual categoría. No se aceptan devoluciones.<br />
Los gastos de envío incluyen el embalaje, la manipulación y envío. Le recomendamos consolidar sus compras en un solo pedido.</p>
<p><strong>El horario de envío de los pedidos se realizarán entre las 8:00h &#8211; 1:00h.</strong></p>

<p>Entrega y envío Los pedidos deben ser realizados como mínimo 2 horas antes de la entrega requerida. Para pedidos urgentes contactar en +34 922 671 395 / +34 822 200 170. Cada producto queda sujeto a disponibilidad. Puede cambiar el color incluso el tipo de flor pero será sustituido por otro de igual categoría. No [&hellip;]</p>
